40)
-27
(-66 - (-35 - -31)) + -2 + 19 - (2 - -5)
-52
What is the value of (-1 + 5 - 60) + (-137 - -161)?
-32
(87 - (69 + 14)) + (29 - (2 + -4))
35
(-12 - (-20 - -29)) + -18 + 105
66
What is the value of -4 + -5 + 3 + 2 - (-48 - -54 - -37)?
-47
Calculate 38 - -5 - 73 - (-90 + -1).
61
What is the value of (-4 - (5 - 0)) + (-8 - -15) + -1 + -6?
-9
2 + 33 + (14 - 41) - -48
56
(1 - 5 - ((26 - (13 + 3)) + -1)) + 111
98
(-45 - -40) + 23 + (-10 - -64)
72
Evaluate 31 - ((57 - 14) + -36).
24
Evaluate 116 - 123 - (-37 + -2) - (-21 + 18).
35
What is the value of 24 + (882 + -870 - (2 + 0 + 1 + -1))?
34
Evaluate -1 + -1 + (-73 + 77 - -3) - (0 + -52).
57
What is the value of (35 - 0) + (-3 - (89 - 73))?
16
Calculate -117 + (14 - -14) + (2 - 20).
-107
What is the value of (-20 - (41 - -27)) + -2 + 19?
-71
What is the value of 2918 + -3013 + -3 + 42?
-56
Evaluate 285 + -304 - (-3 + 2 + 7 + 2).
-27
-2 - (16 + -1) - (72 + 1 - 19)
-71
What is 6 - ((13 - -21) + -14) - -18 - 49?
-45
Evaluate (57 + 34 - 83) + (2 - -29).
39
What is 36 + -67 + -40 + 139?
68
What is the value of (8 - (46 - 3)) + 63?
28
Calculate 19 + (-2 - 0) + -3 - 41.
-27
-100 - (-123 - 49) - 68
4
What is (-32 - 1 - -40) + -105 + (2 + 4 - 2)?
-94
What is the value of (-3 - (-50 + -3 - 0)) + (5728 - 5719)?
59
Evaluate -260 + 276 - (-26 + (8 - 3)).
37
What is the value of (3 + -7 - (-58 - 12)) + 14 + -24?
56
What is (46 - (7 + 21)) + 3 + -21?
0
(3 - 11) + 36 + 1 + -11
18
What is 109 + (-40 - -9 - -69 - 71)?
76
What is the value of -61 + (6 + -112 - -65)?
-102
81 + -21 + (0 - 2) + 1 + 2
61
What is 19 + (-8 - (-12 + -8 - -10))?
21
What is the value of 77 + -31 + -19 + -2 + 30?
55
Evaluate (-18 - (7 - 12) - (79 + -74)) + -51.
-69
Calculate 32 + -2 + -3 + -60 + 88.
55
Calculate 36 + -17 + -82 + (37 - 18).
-44
Calculate (89 - 85) + (7 - (4 - 1)) + -1 - -58.
65
What is 115 - (-25 - -3 - -38) - 0?
99
Calculate 30 + 4 + -24 + -16 - -11.
5
What is the value of 0 + 94 + (-17 + -2 - -2) - 7?
70
22 + (34 - 43 - 74 - 16)
-77
5 - 2 - -5 - 81 - (-12 - (-5 - -4))
-62
Calculate (-16 - -39) + 29 + -16 + 49.
85
Calculate -3 + (11 - (-2 + 3)) - 0 - (40 + -53).
20
Evaluate (2 - (17 - 14) - -43) + 0.
42
Calculate (22 - (-53 + (3 + 4 - -16))) + -5.
47
What is the value of (110 - 34) + -46 + -31?
-1
Evaluate (-4 + 0 - -13 - -4) + -431 + 460.
42
What is 52 + (-34 + -55 - 27) + (-1 - (-2 + 7))?
-70
Evaluate -3 - (-30 - (-5 + 10)) - (-30 - -27) - -2.
37
Calculate 7 + -18 + -3 + (6 + 55 - -9).
56
What is the value of (7 - (-4 + 9 + 6)) + 38 + -5?
29
Calculate 1301 + -1314 - (-22 + -1 + -1) - (0 - -96).
-85
What is (7 + -4 - -21) + -13 + -7 + 8?
12
Evaluate 8 - ((12 - 14) + -8 + 73).
-55
Calculate 0 + 2 - -8 - (800 - 784).
-6
What is 70 - (42 - ((24 - 12) + 13))?
53
-59 + (-22 - (-8 - 29 - 5))
-39
What is (24 - (11 - (-21 - -18))) + -13?
-3
What is the value of -1 - (7 - 11 - ((-6 - 23) + (-10 - -13)))?
-23
What is the value of (42 - ((-15 - -14) + 15)) + -6 + 2 - 4?
20
Evaluate -35 + -27 + (12 - 8) + 13.
-45
What is the value of -48 - ((16 - 6) + (-8 - -13) + 2 + -8)?
-57
Calculate 36 - (16 - -18) - (-14 - (3 + -2 + -1)).
16
Evaluate -44 + (-4 - -34 - (19 - 18)).
-15
Calculate -7 - (-80 + 77 + 68 + -3 - (6 - -1)).
-62
What is the value of -14 - (5 - (3 - -3 - -14)) - -66?
67
Evaluate -5 + 13 + (63 - (0 + -1 + (23 - 30))).
79
What is 38 + (-27 - 21) + 52?
42
What is 0 + -34 + 86 - (1 + -2 + 10)?
43
Evaluate (1 - 100) + 1 + -59 + (104 - (93 - 61)).
-85
What is -51 + (140 - 55) - 31?
3
What is the value of (2 - 39 - 0) + -829 + 827 + -8 + 0?
-47
(0 - (-10 - -5)) + 1 + 5 + (-85 - 9)
-83
Calculate 2219 - 2221 - ((-2 - -2) + -32 + 4).
26
58 + -68 - ((-4 - -7) + -45)
32
What is the value of 18 - (-36 - (35 + -131))?
-42
What is 112 + -51 - -1 - 86?
-24
Evaluate (-16 + (-1 - -2 - 21) - (8 - 1)) + 7.
-36
Calculate -51 - (-10 + (18 - (-3 + -4))).
-66
Calculate 76 + 4 + 20 + (15 - 53) + -20.
42
Evaluate -2 + 21 + -33 + 8 - ((-63 - -1) + 3).
53
164 + (-106 + 94 - 51)
101
What is -2 + -33 + 8194 + -8203?
-44
What is the value of (9 - (-1 - 1)) + (55 - (59 - 6))?
13
Evaluate -285 + 270 - (-1 + (-34 - -6)) - 21.
-7
Calculate (41 - 51) + (7 - 15 - -6 - -13).
1
What is -1 + (-25 - (-12 + 5 + -10)) + (-2 - 71)?
-82
What is -30 + 139 + -121 + (2 - 9) + -2?
-21
What is the value of 15 + -55 - -34 - -41 - 10?
25
Calculate 27 + (-29 - -13) + -2 + -11 - (4 + -7).
1
What is the value of (-66 - -20) + 59 - 14?
-1
What is the value of 12 + 7 + -31 + (14 - 7)?
-5
Evaluate (41 - (112 - 22)) + (12 - 9 - (-2 + 2)).
-46
What is -4 + 62 - (81 - 78 - -9)?
46
Calculate (164 - 167 - (-82 + 2)) + (0 - 14).
63
-1 - 10 - (2 + -33 + 14)
6
What is (-9 + 1 + -11 - -13) + -25?
-31
(-48 + 78 - 108) + 6
-72
11 + -1 + 1 + 7 + -54 + 3
-33
10 + -29 + (-67 - -87)
1
What is the value of (-98 - 8 - 4) + 7 + 5 + -7?
-105
What is (16002 - 15993) + 29 + -1 + 3?
40
What is -73 - (5 - 4 - -3) - (-26 - -12)?
-63
What is the value of -20 - 9 - (447 - 419)?
-57
What is 8 - (-1 + -5 + -2 + 2 + 3 - 5)?
16
What is the value of (-66 - -53) + 58 - 41?
4
Calculate -341 + 351 + -24 + -1 - -53.
38
Evaluate 27 + (181 - 154) + -11 + -2 + (1 - 0).
42
Evaluate -1 + 3 + (-2 - 46) + (12 + -16 - -11).
-39
What is -18 + 0 + (-18 + 43 - -14) + -13?
8
(1337 - 1390) + 3 + 8
-42
(32 - (-12 - -34)) + 41 + 9 - 13
47
Calculate -384 + 303 + 17 + 0.
-64
Calculate 11 + (0 - 18 - (-3 - (74 + -65))).
5
Evaluate 396 + -417 - ((-4 - -4) + -2 + 39).
-58
(0 - 38) + (-27 - ((6 - 33) + 4))
-42
Evaluate 87 + -82 + -121 + 167.
51
What is the value of -33 + (-2 - (5 - -8)) - 29?
-77
What is the value of ((-12 - -5) + 0 - -15) + -62 + 3?
-51
What is -143 + (203 - 151) - (1 + -27)?
-65
What is the value of (-7 - -2) + 0 + -1 + (137 - 105)?
26
1 + 5 + -2 + (-6524 - -6503)
-17
Evaluate 1295 + -1192 - (5 + -4 + (3 - 0)).
99
(-36 - -24 - (4 - 16)) + -14 + 58
44
What is the value of 3 + -3 + -22 + 29 + -31 - -92?
68
Evaluate (-26 - (14 + (-2 - 32))) + -24.
-30
What is -34 - -30 - (-1 + 5 + -47 + -9 - 2)?
50
Evaluate (-3 - -146) + (-34 - -52 - 2 - 8).
151
Evaluate 79 + 72 + -189 + 105.
67
What is the value of 0 - -129 - ((-230 - -197) + (-4 - -9) + 16)?
141
Evaluate (-8 + -7 - -13) + 13 + 65 - -1.
77
36 - (-18 - (-17 - 39))
-2
What is the value of 10 + -6 + (52 - (-12 + (6 - 0))) + 5?
67
(2 - (-10 + -3)) + 370 + -393
-8
What is (-25 - ((2 - -18) + -73)) + -19?
9
Evaluate 19 - (-66 + (-101 - -270)).
-84
Evaluate -45 + 124 + -58 + -1 + 31.
51
What is (87 - (-5 - -111)) + (-3 - (2 + -24))?
0
Evaluate -35 - (82 + -34 + -93).
10
223 + -57 - (25 - (-46 + 31))
126
Calculate -11 - -5 - (29 + -11 - 10) - 30.
-44
Evaluate -1 - (38 + -7 + 11 + -18) - -15.
-10
What is 10 + (7 - (-3 - -5 - 0)) - (221 + -309)?
103
Calculate -52 + 92 + -43 + 24.
21
Calculate -24 - (-25 - ((-8 - 2) + 55)).
46
What is the value of -21 + (-23 - ((14 - (6 + -21)) + 21))?
-94
Evaluate -22 + -1 + -4064 + 4057.
-30
15 + -64 + (-5 - -31 - 12)
-35
What is the value of -9 + 16 + 4 - 35 - (-3 - (-12 + 2))?
-31
What is the value of 29 + (-5 - 110) + (-11 - -29)?
-68
Evaluate (-186 - (-293 - -197)) + 25 + 1.
-64
Calculate -39 + 11 + -329 + 360.
3
What is the value of 45 - (5 - (13 + (-1 - 0 - 11)))?
41
6 + -23 + -13 + (13 - 5) + 8 + 63
49
What is the value of -51 + (3 + -13 - (10 - 30 - -21))?
-62
66 + (-1 - (8 - (-7 + 44)) - 16)
78
What is 5 + -1 - (48 + -3 + -4)?
-37
What is (-2 - -7) + 11 + -38 + 5 - -2?
-15
Evaluate (21 - (-15 + (32 - 10 - 8))) + 1 + 2.
25
Evaluate (-640 - -623) + -1 + 1 + -118 + 17.
-118
What is the value of -5 - (0 + -11) - (0 + -3 + 1 - 15)?
23
What is the value of -4 - -17 - (21 + -5 + -18 + 16)?
-1
What is 15 + (13 - (18 + (8 - 4 - 5))) + -81?
-70
Evaluate 109 + -6 + 1 - ((-6 - -32) + 10 + -30).
98
What is the value of 49 + -80 + -19 + 11?
-39
What is -6 - ((-1 - 3) + 1) - ((-34 - -100) + -14)?
-55
What is the value of -61 + 5 + 75 + 3 + (3 - 2)?
23
What is the value of -2 - (5 + -2) - 1 - (4 + -1) - 5?
-14
What is -11 + 7 - ((5 - (8 + 3)) + -66 + -1)?
69
What is the value of 3 + 35 + 97 + -117 - 36?
-18
What is the value of (2 - -2) + 14 + (37 - (145 - 34))?
-56
What is 10 + 71 - (147 - 93)?
27
What is the value of 4 - (-72 + 0 + 2 + (-14 - (34 + -57)))?
65
Evaluate (-10 - (-2 + 5 + -8)) + -2289 + 2182.
-112
What is the value of 109 - 194 - 1